 divided by 104?
82
What is the remainder when 17975 is divided by 119?
6
Calculate the remainder when 2124 is divided by 86.
60
Calculate the remainder when 5748 is divided by 60.
48
Calculate the remainder when 31976 is divided by 864.
8
Calculate the remainder when 27163 is divided by 62.
7
Calculate the remainder when 276439 is divided by 138209.
21
Calculate the remainder when 2825 is divided by 185.
50
Calculate the remainder when 181558 is divided by 17.
15
Calculate the remainder when 6171 is divided by 547.
154
Calculate the remainder when 3378 is divided by 17.
12
What is the remainder when 5179998 is divided by 560?
558
What is the remainder when 96935 is divided by 9691?
25
Calculate the remainder when 663704 is divided by 45.
44
Calculate the remainder when 16267 is divided by 196.
195
Calculate the remainder when 4923 is divided by 1495.
438
What is the remainder when 2318 is divided by 1646?
672
What is the remainder when 148330 is divided by 1236?
10
Calculate the remainder when 80025 is divided by 117.
114
Calculate the remainder when 61623 is divided by 23.
6
What is the remainder when 292492 is divided by 95?
82
What is the remainder when 4448300 is divided by 211?
209
Calculate the remainder when 6163 is divided by 1127.
528
Calculate the remainder when 735 is divided by 102.
21
Calculate the remainder when 133233 is divided by 217.
212
Calculate the remainder when 23413 is divided by 168.
61
What is the remainder when 89710 is divided by 259?
96
What is the remainder when 376823 is divided by 18?
11
What is the remainder when 9149 is divided by 84?
77
What is the remainder when 4174 is divided by 540?
394
What is the remainder when 138948 is divided by 8?
4
Calculate the remainder when 286401 is divided by 258.
21
Calculate the remainder when 119878 is divided by 72.
70
What is the remainder when 295596 is divided by 22737?
15
What is the remainder when 12877 is divided by 184?
181
Calculate the remainder when 1278 is divided by 95.
43
What is the remainder when 31630 is divided by 16?
14
What is the remainder when 1546 is divided by 446?
208
Calculate the remainder when 15837 is divided by 7134.
1569
Calculate the remainder when 24697 is divided by 329.
22
What is the remainder when 853918 is divided by 720?
718
What is the remainder when 51881 is divided by 196?
137
What is the remainder when 114378 is divided by 71?
68
What is the remainder when 655488 is divided by 41?
21
Calculate the remainder when 10824 is divided by 64.
8
What is the remainder when 45134 is divided by 3?
2
Calculate the remainder when 83828 is divided by 53.
35
Calculate the remainder when 8293 is divided by 695.
648
What is the remainder when 9402 is divided by 55?
52
Calculate the remainder when 12168 is divided by 381.
357
Calculate the remainder when 118530 is divided by 611.
607
What is the remainder when 1957 is divided by 40?
37
What is the remainder when 7797 is divided by 1110?
27
Calculate the remainder when 1402 is divided by 200.
2
What is the remainder when 26769 is divided by 194?
191
Calculate the remainder when 32255 is divided by 505.
440
Calculate the remainder when 10588 is divided by 5281.
26
What is the remainder when 64617 is divided by 1371?
180
Calculate the remainder when 757 is divided by 197.
166
Calculate the remainder when 2613297 is divided by 155.
152
Calculate the remainder when 92593 is divided by 31.
27
What is the remainder when 195209 is divided by 39038?
19
Calculate the remainder when 149249 is divided by 675.
74
Calculate the remainder when 2565 is divided by 60.
45
What is the remainder when 10939 is divided by 153?
76
Calculate the remainder when 115873 is divided by 89.
84
What is the remainder when 1312 is divided by 233?
147
What is the remainder when 543 is divided by 1?
0
What is the remainder when 1594 is divided by 9?
1
What is the remainder when 3723 is divided by 1665?
393
Calculate the remainder when 183566 is divided by 298.
296
Calculate the remainder when 432156 is divided by 2150.
6
Calculate the remainder when 19632 is divided by 4787.
484
Calculate the remainder when 1860 is divided by 182.
40
What is the remainder when 128439 is divided by 606?
573
What is the remainder when 11335 is divided by 346?
263
Calculate the remainder when 5316 is divided by 378.
24
Calculate the remainder when 1821 is divided by 14.
1
Calculate the remainder when 5171 is divided by 1700.
71
Calculate the remainder when 97618 is divided by 72.
58
What is the remainder when 8581 is divided by 718?
683
Calculate the remainder when 21856 is divided by 14.
2
Calculate the remainder when 2377643 is divided by 284.
279
What is the remainder when 2149 is divided by 712?
13
Calculate the remainder when 21008 is divided by 563.
177
What is the remainder when 1397 is divided by 26?
19
What is the remainder when 5501 is divided by 344?
341
Calculate the remainder when 6167 is divided by 60.
47
What is the remainder when 132296 is divided by 40?
16
What is the remainder when 814 is divided by 734?
80
What is the remainder when 209345 is divided by 2?
1
What is the remainder when 714048 is divided by 102006?
6
Calculate the remainder when 18120 is divided by 6022.
54
What is the remainder when 498895 is divided by 13858?
7
What is the remainder when 1578988 is divided by 1189?
1185
What is the remainder when 1146172 is divided by 34?
32
What is the remainder when 1428 is divided by 351?
24
Calculate the remainder when 9650 is divided by 11.
3
What is the remainder when 6896569 is divided by 310?
309
Calculate the remainder when 3658147 is divided by 13.
12
Calculate the remainder when 401169 is divided by 25.
19
What is the remainder when 8963 is divided by 2984?
11
What is the remainder when 10229 is divided by 1851?
974
Calculate the remainder when 7249 is divided by 189.
67
What is the remainder when 39171 is divided by 1350?
21
What is the remainder when 5778 is divided by 1918?
24
What is the remainder when 7723 is divided by 7723?
0
Calculate the remainder when 1445 is divided by 120.
5
Calculate the remainder when 7309 is divided by 46.
41
Calculate the remainder when 48794 is divided by 89.
22
What is the remainder when 65820 is divided by 54?
48
Calculate the remainder when 101371 is divided by 91.
88
What is the remainder when 2817 is divided by 750?
567
What is the remainder when 7650 is divided by 1909?
14
What is the remainder when 16521118 is divided by 90?
88
What is the remainder when 2119 is divided by 289?
96
Calculate the remainder when 264949 is divided by 4.
1
Calculate the remainder when 4738 is divided by 4698.
40
What is the remainder when 1122854 is divided by 14?
12
What is the remainder when 7475 is divided by 44?
39
Calculate the remainder when 1742 is divided by 109.
107
What is the remainder when 24318 is divided by 33?
30
What is the remainder when 56473 is divided by 28?
25
Calculate the remainder when 429264 is divided by 71.
69
What is the remainder when 30375 is divided by 45?
0
Calculate the remainder when 2424 is divided by 803.
15
What is the remainder when 961 is divided by 803?
158
Calculate the remainder when 85639 is divided by 3292.
47
Calculate the remainder when 33666 is divided by 26.
22
What is the remainder when 975 is divided by 12?
3
What is the remainder when 129214 is divided by 64?
62
Calculate the remainder when 39992 is divided by 13268.
188
What is the remainder when 4378760 is divided by 156?
152
Calculate the remainder when 221155 is divided by 73698.
61
What is the remainder when 71702 is divided by 19?
15
Calculate the remainder when 583 is divided by 572.
11
What is the remainder when 254 is divided by 132?
122
Calculate the remainder when 1509 is divided by 236.
93
Calculate the remainder when 371157 is divided by 93.
87
What is the remainder when 524 is divided by 57?
11
Calculate the remainder when 52537 is divided by 2496.
121
What is the remainder when 11886 is divided by 689?
173
What is the remainder when 423891 is divided by 59?
35
Calculate the remainder when 11179 is divided by 113.
105
Calculate the remainder when 60417 is divided by 71.
67
Calculate the remainder when 1222 is divided by 279.
106
Calculate the remainder when 8246 is divided by 731.
205
